hat is the units digit of v?
7
Let q = -97 + 140. Let x = q + 21. What is the tens digit of x?
6
Suppose -3*h = -2*s - 1009, 328 = h - 3*s + 4*s. What is the tens digit of h?
3
Let n(y) = 97*y - 187*y + 93*y. What is the tens digit of n(7)?
2
Let k = -6 + 6. Let o be (-1 - k)/(3/(-18)). Suppose -3*b = -4*f - 23, b - o*b - 4*f + 81 = 0. What is the units digit of b?
3
Let y(o) be the second derivative of -o**5/10 - 5*o**4/12 - o**3/6 - 5*o**2/2 - 3*o. Let b be y(-5). What is the units digit of (14/(-5))/((-5)/b)?
0
Suppose -42*z = -39*z - 6450. What is the thousands digit of z?
2
Let h(w) = 7*w - 1. Let k(q) = -7*q. Let u(p) = -7*h(p) - 6*k(p). Suppose 28*f = -325 + 129. What is the units digit of u(f)?
6
Suppose p - 4 = -2. Suppose 0 = -5*a + m + 2*m + 29, -p*m + 4 = 0. What is the units digit of a?
7
Suppose -21*r = -124734 + 34098. What is the tens digit of r?
1
Suppose -1089 = 5*w + 3*k, w - 2*w - 213 = -k. Let r = -16 - w. What is the hundreds digit of r?
2
What is the hundreds digit of ((-150)/20 + 3)*(-172)/3?
2
Suppose -f - y + 360 = 0, -3*f + 362 = -2*f + 3*y. What is the units digit of f?
9
Let a = 449 + -324. What is the tens digit of a?
2
What is the hundreds digit of (461/10*-2)/((-40)/400)?
9
Let n = -1224 + 1504. What is the units digit of n?
0
Let r be (-12 - -3)*3/(-3). Let z be 3/r*3*5. Suppose -283 = -z*w - 28. What is the tens digit of w?
5
Let p = 679 + -375. Suppose -5*n = -n + 5*r - 263, p = 5*n - 2*r. What is the units digit of n?
2
Let y = 3982 - -512. What is the thousands digit of y?
4
Let h be 78243/27 - (-5)/45. Suppose k + 5*j + 1 = 0, -2*k = k + 5*j + 33. What is the units digit of h/112 + (-2)/k?
6
Suppose -5 = -4*l + 11. Let u(t) = t**3 + 4*t**2 + 2*t - 9. What is the hundreds digit of u(l)?
1
What is the hundreds digit of ((-30)/5)/(-12) + (-1715)/(-2)?
8
Suppose 3*k - 10 = -1. Let f = 77 - 158. What is the tens digit of (4/k)/((-6)/f)?
1
Let c(o) = 8*o**2 + o + 5. Let h be c(6). Let b = h + -132. Suppose -3*f = 2*f + 5*q - 135, -b = -5*f + 3*q. What is the tens digit of f?
3
Let d(r) be the first derivative of -5*r**2/2 + 2*r - 4. What is the tens digit of d(-12)?
6
Suppose t - 2*f - 19 = -0*t, 2*t - 68 = -2*f. What is the tens digit of t?
2
Let s(w) = 11*w**2 - 2*w + 1. Let b = -36 - -50. Let y = -13 + b. What is the tens digit of s(y)?
1
Let j be 3*(-2 + 352/(-12)). What is the tens digit of (0 + j)/(1 - 2)?
9
Let l(w) = -w**3 + 12*w**2 + 55*w + 15. What is the tens digit of l(15)?
6
What is the units digit of (-18915)/39*(-3 - -2)?
5
Suppose -3*j = 2*h - 0*j + 3, 0 = 4*h + 2*j - 14. Suppose 3*k + 11 = c + 7*k, 0 = 2*c + 4*k - h. Let x = 13 + c. What is the units digit of x?
8
Let v(o) = -o - 4. Let f = -7 - -4. Let s be v(f). What is the tens digit of 90/3 + s - -1?
3
Let q = -233 - -614. What is the units digit of q?
1
Suppose -18 = -5*a + 27. Let t = a - 9. What is the units digit of 9 + 2 + (t - -1)?
2
Let l = -53 - -216. Let b = l + -83. What is the tens digit of b?
8
Let s(a) = -a**2 + 3*a + 2. Suppose 0 = -5*i + 5*y + 40, 14 = 3*i - 2*y + y. What is the units digit of s(i)?
2
Let b be 195/(-9)*-3 - 1. Let j = -29 + b. What is the tens digit of j?
3
Let c be -1 - 10/(-8) - 815/(-4). Suppose 0 = 5*w + c - 719. What is the tens digit of w?
0
Suppose 0 = o - 3*z + 3, 2*o + 2 = 3*o + 2*z. Suppose 2*k + 4 = 4*p - 0*k, o = -4*p + 3*k. Let j = p + 9. What is the tens digit of j?
1
Let p = 23 + -24. What is the units digit of ((-5)/(-15))/p + 550/3?
3
Let x(s) = -s**3 - 18*s**2 + 16*s + 12. Let z(j) = -2*j + 7. Let t be z(13). What is the units digit of x(t)?
9
Let u(l) = 4*l**3 - 19*l**2 - 10*l + 5. What is the tens digit of u(6)?
2
Let i = -1 - -3. Suppose -5*z = -2*s - i*s - 100, 0 = -4*z - s + 80. What is the tens digit of (24/z)/((-3)/(-40))?
1
Let i(y) = -y**3 + y**2 + 3*y + 441. What is the units digit of i(0)?
1
Suppose g - 4*j - 246 = 0, 0 = -j - 0*j + 3. Suppose 3*w = 3*l + g, 0 = -0*l + 5*l + 20. What is the units digit of w?
2
Let v be (1040/28)/((-4)/(-14)). Let d = 76 + v. What is the hundreds digit of d?
2
Suppose -5*o + 451 = 3*h + 1, 4*o + 3*h - 357 = 0. What is the tens digit of o?
9
Let p(f) = -f**3 + 13*f**2 + 32*f - 20. What is the tens digit of p(15)?
1
Suppose 5*y + 5*a - 5635 = 0, -6*y - 2245 = -8*y + a. What is the tens digit of y?
2
Let k be 4 + 1 + (-1 - 2). Suppose -3*m + 96 = 3*g - 0*g, -5*g = -k*m + 92. What is the units digit of 1340/m + 4/(-18)?
7
Let u(j) = -2*j + 8. Let r(g) = -g + 4. Let p(z) = 11*r(z) - 6*u(z). Let f be p(-12). Let x = f - -26. What is the tens digit of x?
1
What is the units digit of -27 + 22 - -664*6/4?
1
What is the tens digit of 3/1 - (-443 - (-5 - -8))?
4
Suppose -6*u + 2*u - 5*b = -42, -4*u + 30 = -b. Let t be 2 - (u/(-2) - -7). What is the units digit of 1 + t - -2 - -44?
6
Let j be (9 - 5)/(4/190). Suppose 4*t = 3*l + 153, 3*t = -2*t + 4*l + j. Let b = t - 14. What is the tens digit of b?
2
Suppose -4*j = 5*u + 68, -3*u = j + j + 40. Let m(w) = 10*w - 4. Let b be m(-3). Let r = u - b. What is the tens digit of r?
2
Suppose -2*a = -3*c - 2247, 2*a - 6*a + 2*c + 4506 = 0. What is the thousands digit of a?
1
Let u = -92 - -101. What is the units digit of u?
9
Let n(y) = y**3 - 5*y**2 + 5*y - 4. Let u be n(4). Suppose 5*m + 3 + 12 = u. What is the units digit of m - -3 - -4 - -38?
2
Suppose 5*w + t + 3 + 12 = 0, -3*w - 2*t = 16. What is the tens digit of (-45)/w*(-270)/(-75)?
8
What is the thousands digit of (-1 - 14244/3)*4/(-6)?
3
Let w be (135/20)/(2/8). Let h = 109 - w. What is the units digit of h?
2
Let q(r) be the third derivative of -r**6/360 + r**5/30 - r**4/8 + r**3/6 + 8*r**2. Let y(z) be the first derivative of q(z). What is the units digit of y(2)?
1
Suppose x - 5*s + 9 = 0, -5*x + 24 = -s - s. What is the units digit of (-52)/x*27/(-6)?
9
Suppose -l - l = 44. Let q = 18 + l. What is the tens digit of (q/(-10))/((-1)/(-25))?
1
Let m(b) = -3*b**3 - 40*b**2 + 48*b + 71. What is the hundreds digit of m(-18)?
7
Let t(v) = -v**2 - 7*v + 8. Let m be t(-8). Let n(d) = 6*d**2 + 67*d + 6 + m + d**3 - 68*d. What is the units digit of n(-6)?
2
What is the tens digit of 5/(15/(-18)) - -274?
6
Suppose -86*z = -99*z + 4524. What is the units digit of z?
8
Let b = -3 - -291. Suppose -31*g + 33*g = b. What is the tens digit of g?
4
Suppose 2*c - k = 5, 2*c + 5*k + 25 = 6*c. Suppose -4*h + 116 + 236 = c. What is the units digit of h?
8
What is the units digit of (-2 - -16)*((8 - -31) + -5)?
6
Let x(o) = 173*o + 23. What is the hundreds digit of x(5)?
8
Let z = 88 - 93. Let b = 12 + z. What is the units digit of b?
7
Suppose 2*l = -w + 2*w - 15, 2*l - 10 = -4*w. What is the tens digit of -50*2/l*4?
8
Let i(r) = 84*r**3 - 4*r**2 + 2*r - 1. What is the tens digit of i(1)?
8
Suppose 2*f = -5*g + 6, 4*g + 5*f + 0 = -2. Suppose -g*z = -5*z + 255. Suppose -3*o = 2*y - 129, 0*o - 2*o = y - z. What is the units digit of o?
1
Suppose -4 - 12 = -2*h. Let g be h/4*1 - 1. What is the tens digit of -1 - -4 - g*-22?
2
Suppose 3*w = 7*w - 12, -3*w - 2475 = -4*u. Suppose v = -3*g + 4*v + u, -5*g - v + 1041 = 0. What is the tens digit of g?
0
Let c(z) = 3 - 3*z**2 - z**3 + 6*z + 4*z**2 - 3*z**2. Let j = -269 - -264. What is the tens digit of c(j)?
4
Let j(v) = 3067*v**2 + 31*v + 30. What is the units digit of j(-1)?
6
Suppose -97*t = -107*t + 3790. What is the units digit of t?
9
Suppose 13*m + 244 = 4703. What is the tens digit of m?
4
Let t(c) = c - 1. Let v(g) = -45*g - 20. Let o(q) = 6*t(q) + v(q). What is the hundreds digit of o(-4)?
1
Suppose 3*j + 11*j - 23828 = 0. What is the hundreds digit of j?
7
Let g = -5 + 17. Suppose -6 = 2*b - w - 4*w, -3*w = 4*b + 12. Let v = b + g. What is the units digit of v?
9
Let k be 22/(-55) + 24/10. Suppose -k*j = -38 - 102. Suppose j + 26 = 4*u. What is the units digit of u?
4
Let s be ((-6)/(-8))/(1/16). Let t = s - 12. Let p(d) = d**2 - d + 3. What is the units digit of p(t)?
3
Let n(q) = 7 + 4*q + q**2 - 10*q - 2*q. What is the units digit of n(-6)?
1
Let k(h) = 3*h**2 - 54*h - 408. What is the units digit of k(50)?
2
Let b = 113 + -71. What is the units digit of 20/30*b/4?
7
Suppose 5*j - 8*z = -3*z + 5265, j - 2*z = 1053. What is the hundreds digit of j?
0
Suppose -c - 5 - 3 = 3*t, -4*t - 16 = 4*c. Let p = -216 - -207. What 